{"id":131,"date":"2013-03-06T10:58:02","date_gmt":"2013-03-06T07:58:02","guid":{"rendered":"http:\/\/www.lsvoitelu.fi\/?page_id=131"},"modified":"2013-03-06T10:58:02","modified_gmt":"2013-03-06T07:58:02","slug":"automaattivaihdeoljyt-atf","status":"publish","type":"page","link":"https:\/\/www.lsvoitelu.fi\/web\/liikennevoiteluaineet\/automaattivaihdeoljyt-atf\/","title":{"rendered":"Automaattivaihde\u00f6ljyt ATF"},"content":{"rendered":"<div class=\"su-spoiler su-spoiler-style-default su-spoiler-icon-plus su-spoiler-closed\" data-scroll-offset=\"0\" data-anchor-in-url=\"no\"><div class=\"su-spoiler-title\" tabindex=\"0\" role=\"button\"><span class=\"su-spoiler-icon\"><\/span>MOBIL : : 1 SYNTHETIC ATF - Lis\u00e4tiedot<\/div><div class=\"su-spoiler-content su-u-clearfix su-u-trim\">\n<p>Kuvaus:<br \/>\nT\u00e4yssynteettinen automaattivaihde\u00f6ljy, GM Dexron 3 H<br \/>\nAstiakoot: 208, 20L ja 1 L (=12)<\/p>\n<\/div><\/div>\n<div class=\"su-spoiler su-spoiler-style-default su-spoiler-icon-plus su-spoiler-closed\" data-scroll-offset=\"0\" data-anchor-in-url=\"no\"><div class=\"su-spoiler-title\" tabindex=\"0\" role=\"button\"><span class=\"su-spoiler-icon\"><\/span>MOBIL : : DELVAC SYNTHETIC ATF - Lis\u00e4tiedot<\/div><div class=\"su-spoiler-content su-u-clearfix su-u-trim\">\n<p>Kuvaus:<br \/>\nT\u00e4yssynteettinen automaattivaihde\u00f6ljy erit. Allisonin autom.vaihteistoihin, MB 236.91<br \/>\nAstiakoot: 208 L\u00a0 ja 20L<\/p>\n<\/div><\/div>\n<div class=\"su-spoiler su-spoiler-style-default su-spoiler-icon-plus su-spoiler-closed\" data-scroll-offset=\"0\" data-anchor-in-url=\"no\"><div class=\"su-spoiler-title\" tabindex=\"0\" role=\"button\"><span class=\"su-spoiler-icon\"><\/span>MOBIL : : ATF SHC - Lis\u00e4tiedot<\/div><div class=\"su-spoiler-content su-u-clearfix su-u-trim\">\n<p>Kuvaus:<br \/>\nT\u00e4yssynteettinen automaattivaihde\u00f6ljy, GM Dexron 2 E<br \/>\nAstiakoot: 208, 20L ja 1 L (=12)<\/p>\n<\/div><\/div>\n<div class=\"su-spoiler su-spoiler-style-default su-spoiler-icon-plus su-spoiler-closed\" data-scroll-offset=\"0\" data-anchor-in-url=\"no\"><div class=\"su-spoiler-title\" tabindex=\"0\" role=\"button\"><span class=\"su-spoiler-icon\"><\/span>MOBIL : : ATF 134 - Lis\u00e4tiedot<\/div><div class=\"su-spoiler-content su-u-clearfix su-u-trim\">\n<p>Kuvaus:<br \/>\nautomaattivaihde\u00f6ljy MB-vaihteistoihin, MB 236.14<br \/>\nAstiakoot: 208 L\u00a0 ja 20L<\/p>\n<\/div><\/div>\n<div class=\"su-spoiler su-spoiler-style-default su-spoiler-icon-plus su-spoiler-closed\" data-scroll-offset=\"0\" data-anchor-in-url=\"no\"><div class=\"su-spoiler-title\" tabindex=\"0\" role=\"button\"><span class=\"su-spoiler-icon\"><\/span>MOBIL : : ATF 3309 - Lis\u00e4tiedot<\/div><div class=\"su-spoiler-content su-u-clearfix su-u-trim\">\n<p>Kuvaus:<br \/>\nautomaattivaihde\u00f6ljy Aisin-Warnerin laatikoihin; Toyota, Lexus, Audi, Ford, Volvo, VW, Saab ja Mitsubishi 2005 ja uudemmat ym.<br \/>\nAstiakoot: 208, 20L ja 1 L (=12)<\/p>\n<\/div><\/div>\n<div class=\"su-spoiler su-spoiler-style-default su-spoiler-icon-plus su-spoiler-closed\" data-scroll-offset=\"0\" data-anchor-in-url=\"no\"><div class=\"su-spoiler-title\" tabindex=\"0\" role=\"button\"><span class=\"su-spoiler-icon\"><\/span>MOBIL : : ATF 320 - Lis\u00e4tiedot<\/div><div class=\"su-spoiler-content su-u-clearfix su-u-trim\">\n<p>Kuvaus:<br \/>\nAutomaattivaihde\u00f6ljy Dexron 3.<br \/>\nAstiakoot: 208, 20L, 4 L (=4)\u00a0 ja 1 L (=12)<\/p>\n<\/div><\/div>\n<div class=\"su-spoiler su-spoiler-style-default su-spoiler-icon-plus su-spoiler-closed\" data-scroll-offset=\"0\" data-anchor-in-url=\"no\"><div class=\"su-spoiler-title\" tabindex=\"0\" role=\"button\"><span class=\"su-spoiler-icon\"><\/span>MOBIL : : ATF 220 - Lis\u00e4tiedot<\/div><div class=\"su-spoiler-content su-u-clearfix su-u-trim\">\n<p>Kuvaus:<br \/>\nAutomaattivaihde\u00f6ljy Dexron 2.<br \/>\nAstiakoot: 208, 20L ja 1 L (=12)<\/p>\n<\/div><\/div>\n<div class=\"su-spoiler su-spoiler-style-default su-spoiler-icon-plus su-spoiler-closed\" data-scroll-offset=\"0\" data-anchor-in-url=\"no\"><div class=\"su-spoiler-title\" tabindex=\"0\" role=\"button\"><span class=\"su-spoiler-icon\"><\/span>MOBIL : : ATF LT 71141 - Lis\u00e4tiedot<\/div><div class=\"su-spoiler-content su-u-clearfix su-u-trim\">\n<p>Kuvaus:<br \/>\nSynteettinen automaattivaihde\u00f6ljy MB 236.11, VW TL 152.62 ym<br \/>\nAstiakoot: 208, 20L ja 1 L (=12)<\/p>\n<\/div><\/div>\n<div class=\"su-spoiler su-spoiler-style-default su-spoiler-icon-plus su-spoiler-closed\" data-scroll-offset=\"0\" data-anchor-in-url=\"no\"><div class=\"su-spoiler-title\" tabindex=\"0\" role=\"button\"><span class=\"su-spoiler-icon\"><\/span>NESTE : : ATF-S - Lis\u00e4tiedot<\/div><div class=\"su-spoiler-content su-u-clearfix su-u-trim\">\n<p>Kuvaus:<br \/>\nT\u00e4yssynteettinen Dexron 2 E automaattivaihde\u00f6ljy MB 236.11, VW TL 152.62 ym<br \/>\nAstiakoot: 200 ja 20L<\/p>\n<\/div><\/div>\n<div class=\"su-spoiler su-spoiler-style-default su-spoiler-icon-plus su-spoiler-closed\" data-scroll-offset=\"0\" data-anchor-in-url=\"no\"><div class=\"su-spoiler-title\" tabindex=\"0\" role=\"button\"><span class=\"su-spoiler-icon\"><\/span>NESTE : : ATF-X - Lis\u00e4tiedot<\/div><div class=\"su-spoiler-content su-u-clearfix su-u-trim\">\n<p>Kuvaus:<br \/>\nSynteettinen Dexron 3 G automaattivaihde\u00f6ljy MB 236.11, VW TL 152.62 ym<br \/>\nAstiakoot: 200L,\u00a0 20L\u00a0 ja 1 L (=12)<\/p>\n<\/div><\/div>\n<div class=\"su-spoiler su-spoiler-style-default su-spoiler-icon-plus su-spoiler-closed\" data-scroll-offset=\"0\" data-anchor-in-url=\"no\"><div class=\"su-spoiler-title\" tabindex=\"0\" role=\"button\"><span class=\"su-spoiler-icon\"><\/span>NESTE : : ATF-G - Lis\u00e4tiedot<\/div><div class=\"su-spoiler-content su-u-clearfix su-u-trim\">\n<p>Kuvaus:<br \/>\nAutomaattivaihde\u00f6ljy ; Vanhat Fordit F\/G<br \/>\nAstiakoko: 200 L<\/p>\n<\/div><\/div>\n<div class=\"su-spoiler su-spoiler-style-default su-spoiler-icon-plus su-spoiler-closed\" data-scroll-offset=\"0\" data-anchor-in-url=\"no\"><div class=\"su-spoiler-title\" tabindex=\"0\" role=\"button\"><span class=\"su-spoiler-icon\"><\/span>TEBOIL : : FLUID D - Lis\u00e4tiedot<\/div><div class=\"su-spoiler-content su-u-clearfix su-u-trim\">\n<p>Kuvaus:<br \/>\nAutomaattivaihde\u00f6ljy Dexron 2.<br \/>\nAstiakoot: 200L,\u00a0 20L\u00a0 ja 1 L (=12)<\/p>\n<\/div><\/div>\n<div class=\"su-spoiler su-spoiler-style-default su-spoiler-icon-plus su-spoiler-closed\" data-scroll-offset=\"0\" data-anchor-in-url=\"no\"><div class=\"su-spoiler-title\" tabindex=\"0\" role=\"button\"><span class=\"su-spoiler-icon\"><\/span>TEBOIL : : FLUID E - Lis\u00e4tiedot<\/div><div class=\"su-spoiler-content su-u-clearfix su-u-trim\">\n<p>Kuvaus:<br \/>\nAutomaattivaihde\u00f6ljy Dexron 3 H.<br \/>\nAstiakoot: 200L,\u00a0 20L\u00a0 ja 1 L (=12)<\/p>\n<\/div><\/div>\n<div class=\"su-spoiler su-spoiler-style-default su-spoiler-icon-plus su-spoiler-closed\" data-scroll-offset=\"0\" data-anchor-in-url=\"no\"><div class=\"su-spoiler-title\" tabindex=\"0\" role=\"button\"><span class=\"su-spoiler-icon\"><\/span>TEBOIL : : FLUID S - Lis\u00e4tiedot<\/div><div class=\"su-spoiler-content su-u-clearfix su-u-trim\">\n<p>Kuvaus:<br \/>\nT\u00e4yssynteettinen automaattivaihde\u00f6ljy Dexron 2, 2D, 3G, 3H, Chrysler ATF+3, ATF+4, LT71141 (BMW), JWS 3309 (Volvo) ym.<br \/>\nAstiakoot: 4 L (=4)\u00a0 ja 1 L (=12)<\/p>\n<\/div><\/div>\n<div class=\"su-spoiler su-spoiler-style-default su-spoiler-icon-plus su-spoiler-closed\" data-scroll-offset=\"0\" data-anchor-in-url=\"no\"><div class=\"su-spoiler-title\" tabindex=\"0\" role=\"button\"><span class=\"su-spoiler-icon\"><\/span>TEBOIL : : FLUID ES (LOPETETTU) - Lis\u00e4tiedot<\/div><div class=\"su-spoiler-content su-u-clearfix su-u-trim\">\n<p>Kuvaus:<br \/>\nSynthetic automatic transmission oil &#8211; Automaattivaihde\u00f6ljy<br \/>\nAstiakoko: 200L<\/p>\n<\/div><\/div>\n<div class=\"su-spoiler su-spoiler-style-default su-spoiler-icon-plus su-spoiler-closed\" data-scroll-offset=\"0\" data-anchor-in-url=\"no\"><div class=\"su-spoiler-title\" tabindex=\"0\" role=\"button\"><span class=\"su-spoiler-icon\"><\/span>TEBOIL : : FLUID ES-Max - Lis\u00e4tiedot<\/div><div class=\"su-spoiler-content su-u-clearfix su-u-trim\">\n<p>Kuvaus:<br \/>\nT\u00e4yssynteettinen automaattivaihde\u00f6ljy raskaan kaluston max. pitkille vaihtov\u00e4leille, Dexron 3H, MB 236.6, Volvo 97341 ym<br \/>\nAstiakoko: 200L<\/p>\n<\/div><\/div>\n<div class=\"su-spoiler su-spoiler-style-default su-spoiler-icon-plus su-spoiler-closed\" data-scroll-offset=\"0\" data-anchor-in-url=\"no\"><div class=\"su-spoiler-title\" tabindex=\"0\" role=\"button\"><span class=\"su-spoiler-icon\"><\/span>SHELL : : SPIRAX S6 ATF VM - Lis\u00e4tiedot<\/div><div class=\"su-spoiler-content su-u-clearfix su-u-trim\">\n<p>Kuvaus:<br \/>\nSynteettinen automaattivaihde\u00f6ljy pitkille vaihtov\u00e4leille Voith-vaihteistoihin.<br \/>\nAstiakoko<\/p>\n<\/div><\/div>\n<div class=\"su-spoiler su-spoiler-style-default su-spoiler-icon-plus su-spoiler-closed\" data-scroll-offset=\"0\" data-anchor-in-url=\"no\"><div class=\"su-spoiler-title\" tabindex=\"0\" role=\"button\"><span class=\"su-spoiler-icon\"><\/span>SHELL : : SPIRAX S6 ATF ZM - Lis\u00e4tiedot<\/div><div class=\"su-spoiler-content su-u-clearfix su-u-trim\">\n<p>Kuvaus:<br \/>\nRaskaan kaluston automaattivaihde\u00f6ljy pitkille vaihtov\u00e4leille ZF TE-ML 4D, 14E, 16N, 20E<br \/>\nAstiakoko<\/p>\n<\/div><\/div>\n<div class=\"su-spoiler su-spoiler-style-default su-spoiler-icon-plus su-spoiler-closed\" data-scroll-offset=\"0\" data-anchor-in-url=\"no\"><div class=\"su-spoiler-title\" tabindex=\"0\" role=\"button\"><span class=\"su-spoiler-icon\"><\/span>SHELL : : SPIRAX S4 ATF 3403 - Lis\u00e4tiedot<\/div><div class=\"su-spoiler-content su-u-clearfix su-u-trim\">\n<p>Kuvaus:<br \/>\nSynteettinen automaattivaihde\u00f6ljy erit. MB henkil\u00f6autoille. MB 236.10<br \/>\nAstiakoko<\/p>\n<\/div><\/div>\n<div class=\"su-spoiler su-spoiler-style-default su-spoiler-icon-plus su-spoiler-closed\" data-scroll-offset=\"0\" data-anchor-in-url=\"no\"><div class=\"su-spoiler-title\" tabindex=\"0\" role=\"button\"><span class=\"su-spoiler-icon\"><\/span>SHELL : : SPIRAX S4 ATF HDX - Lis\u00e4tiedot<\/div><div class=\"su-spoiler-content su-u-clearfix su-u-trim\">\n<p>Kuvaus:<br \/>\nSynteettinen automaattivaihde\u00f6ljy GM DEXRON 3G<br \/>\nAstiakoot: 209L,\u00a0 20L\u00a0 ja 1 L (=12)<\/p>\n<\/div><\/div>\n<div class=\"su-spoiler su-spoiler-style-default su-spoiler-icon-plus su-spoiler-closed\" data-scroll-offset=\"0\" data-anchor-in-url=\"no\"><div class=\"su-spoiler-title\" tabindex=\"0\" role=\"button\"><span class=\"su-spoiler-icon\"><\/span>SHELL : : SPIRAX S2 ATF AX - Lis\u00e4tiedot<\/div><div class=\"su-spoiler-content su-u-clearfix su-u-trim\">\n<p>Kuvaus:<br \/>\nAutomaattivaihde\u00f6ljy GM Dexron 2D<br \/>\nAstiakoot: 209L,\u00a0 20L\u00a0 ja 1 L (=12)<\/p>\n<\/div><\/div>\n<div class=\"su-spoiler su-spoiler-style-default su-spoiler-icon-plus su-spoiler-closed\" data-scroll-offset=\"0\" data-anchor-in-url=\"no\"><div class=\"su-spoiler-title\" tabindex=\"0\" role=\"button\"><span class=\"su-spoiler-icon\"><\/span>SHELL : : SPIRAX S1 TASA - Lis\u00e4tiedot<\/div><div class=\"su-spoiler-content su-u-clearfix su-u-trim\">\n<p>Kuvaus:<br \/>\nAutomaattivaihde\u00f6ljy GM type A Suffix A<br \/>\nAstiakoot: 209L ja 20L<\/p>\n<\/div><\/div>\n<div class=\"su-spoiler su-spoiler-style-default su-spoiler-icon-plus su-spoiler-closed\" data-scroll-offset=\"0\" data-anchor-in-url=\"no\"><div class=\"su-spoiler-title\" tabindex=\"0\" role=\"button\"><span class=\"su-spoiler-icon\"><\/span>SHELL : : TF DCT-F3 - Lis\u00e4tiedot<\/div><div class=\"su-spoiler-content su-u-clearfix su-u-trim\">\n<p>Kuvaus:<br \/>\nVaihteisto\u00f6ljy kaksoiskytkinvaihteistoihin<br \/>\nAstiakoot<\/p>\n<\/div><\/div>\n<div class=\"su-spoiler su-spoiler-style-default su-spoiler-icon-plus su-spoiler-closed\" data-scroll-offset=\"0\" data-anchor-in-url=\"no\"><div class=\"su-spoiler-title\" tabindex=\"0\" role=\"button\"><span class=\"su-spoiler-icon\"><\/span>SHELL : : ATF 134 - Lis\u00e4tiedot<\/div><div class=\"su-spoiler-content su-u-clearfix su-u-trim\">\n<p>Kuvaus:<br \/>\nAutomaattivaihteisto\u00f6ljy erit. MB 5- ja 7-vaihteisiin. MB 236.14 (236.12)<br \/>\nAstiakoot<\/p>\n<\/div><\/div>\n<div class=\"su-spoiler su-spoiler-style-default su-spoiler-icon-plus su-spoiler-closed\" data-scroll-offset=\"0\" data-anchor-in-url=\"no\"><div class=\"su-spoiler-title\" tabindex=\"0\" role=\"button\"><span class=\"su-spoiler-icon\"><\/span>VALVOLINE : : MAXLIFE ATF - Lis\u00e4tiedot<\/div><div class=\"su-spoiler-content su-u-clearfix su-u-trim\">\n<p>Kuvaus:<br \/>\nT\u00e4yssynteettinen automaattivaihteisto\u00f6ljy, pident\u00e4\u00e4 paljon ajetun automaattivaihteiston k\u00e4ytt\u00f6ik\u00e4\u00e4. GM Dexron 2D, 2E, 3, 3H, 6, Ford, BMW LT71141, Chrysler ATF+3, Audi&#8230;, Volvo 1161521 ym<br \/>\nAstiakoot 208L, 60 L, 20 L ja 1 L (=12)<\/p>\n<\/div><\/div>\n<div class=\"su-spoiler su-spoiler-style-default su-spoiler-icon-plus su-spoiler-closed\" data-scroll-offset=\"0\" data-anchor-in-url=\"no\"><div class=\"su-spoiler-title\" tabindex=\"0\" role=\"button\"><span class=\"su-spoiler-icon\"><\/span>VALVOLINE : : ATF type D - Lis\u00e4tiedot<\/div><div class=\"su-spoiler-content su-u-clearfix su-u-trim\">\n<p>Kuvaus:<br \/>\nAutomaattivaihteisto\u00f6ljy GM Dexron 2D<br \/>\nAstiakoot 208L, 20 L, 5 L (=4)\u00a0 ja 1 L (=12)<\/p>\n<\/div><\/div>\n<div class=\"su-spoiler su-spoiler-style-default su-spoiler-icon-plus su-spoiler-closed\" data-scroll-offset=\"0\" data-anchor-in-url=\"no\"><div class=\"su-spoiler-title\" tabindex=\"0\" role=\"button\"><span class=\"su-spoiler-icon\"><\/span>VALVOLINE : : ATF Dexron 3 \/ Mercon - Lis\u00e4tiedot<\/div><div class=\"su-spoiler-content su-u-clearfix su-u-trim\">\n<p>Kuvaus:<br \/>\nAutomaattivaihteisto\u00f6ljy GM Dexron 3<br \/>\nAstiakoot 208L, 20 L\u00a0 ja 1 L (=12)<\/p>\n<\/div><\/div>\n<div class=\"su-spoiler su-spoiler-style-default su-spoiler-icon-plus su-spoiler-closed\" data-scroll-offset=\"0\" data-anchor-in-url=\"no\"><div class=\"su-spoiler-title\" tabindex=\"0\" role=\"button\"><span class=\"su-spoiler-icon\"><\/span>VALVOLINE : : ATF type FA - Lis\u00e4tiedot<\/div><div class=\"su-spoiler-content su-u-clearfix su-u-trim\">\n<p>Kuvaus:<br \/>\nAutomaattivaihteisto\u00f6ljy Ford M2C-33 F\/G<br \/>\nAstiakoko\u00a0 1 L (=12)<\/p>\n<\/div><\/div>\n<div class=\"su-spoiler su-spoiler-style-default su-spoiler-icon-plus su-spoiler-closed\" data-scroll-offset=\"0\" data-anchor-in-url=\"no\"><div class=\"su-spoiler-title\" tabindex=\"0\" role=\"button\"><span class=\"su-spoiler-icon\"><\/span>GULF : : ATF type F - Lis\u00e4tiedot<\/div><div class=\"su-spoiler-content su-u-clearfix su-u-trim\">\n<p>Kuvaus:<br \/>\nAutomaattivaihteisto\u00f6ljy Ford M2C-33 F<br \/>\nAstiakoko\u00a0 1 L (=12)<\/p>\n<\/div><\/div>\n<div class=\"su-spoiler su-spoiler-style-default su-spoiler-icon-plus su-spoiler-closed\" data-scroll-offset=\"0\" data-anchor-in-url=\"no\"><div class=\"su-spoiler-title\" tabindex=\"0\" role=\"button\"><span class=\"su-spoiler-icon\"><\/span>GULF : : ATF DX3 - Lis\u00e4tiedot<\/div><div class=\"su-spoiler-content su-u-clearfix su-u-trim\">\n<p>Kuvaus:<br \/>\nAutomaatti- ja puoliautomaattivaihteisto\u00f6ljy GM Dexron 3G<br \/>\nAstiakoot 55 gal, 5 gal, 1 gal (=4) ja 1 qt (=12)<\/p>\n<\/div><\/div>\n<div class=\"su-spoiler su-spoiler-style-default su-spoiler-icon-plus su-spoiler-closed\" data-scroll-offset=\"0\" data-anchor-in-url=\"no\"><div class=\"su-spoiler-title\" tabindex=\"0\" role=\"button\"><span class=\"su-spoiler-icon\"><\/span>GULF : : ATF DX3 Mercon V ATF - Lis\u00e4tiedot<\/div><div class=\"su-spoiler-content su-u-clearfix su-u-trim\">\n<p>Kuvaus:<br \/>\nAutomaattivaihteisto\u00f6ljy GM Dexron 3G ja Ford Mercon V<br \/>\nAstiakoot 4 L (=4) ja 1 L (=12)<\/p>\n<\/div><\/div>\n<div class=\"su-spoiler su-spoiler-style-default su-spoiler-icon-plus su-spoiler-closed\" data-scroll-offset=\"0\" data-anchor-in-url=\"no\"><div class=\"su-spoiler-title\" tabindex=\"0\" role=\"button\"><span class=\"su-spoiler-icon\"><\/span>GULF : : DEXRON 6 ATF - Lis\u00e4tiedot<\/div><div class=\"su-spoiler-content su-u-clearfix su-u-trim\">\n<p>Kuvaus:<br \/>\nAutomaattivaihteisto\u00f6ljy, GM-autojen Hydra-Matic-vaihteistoihin (vm. 2006-) Dexron 6 (J-60311), my\u00f6s vanhempiin vaihteistoihin.<br \/>\nAstiakoot 60 L, 20 L, 4 L (=4) ja 1 L (=12)<\/p>\n<\/div><\/div>\n<div class=\"su-spoiler su-spoiler-style-default su-spoiler-icon-plus su-spoiler-closed\" data-scroll-offset=\"0\" data-anchor-in-url=\"no\"><div class=\"su-spoiler-title\" tabindex=\"0\" role=\"button\"><span class=\"su-spoiler-icon\"><\/span>CHAMPION : : ATF 3 - Lis\u00e4tiedot<\/div><div class=\"su-spoiler-content su-u-clearfix su-u-trim\">\n<p>Kuvaus:<br \/>\nAutomaattivaihteisto\u00f6ljy New Energy ATF 3<br \/>\nAstiakoot 5 L (=4) ja 1 L (=12)<\/p>\n<\/div><\/div>\n","protected":false},"excerpt":{"rendered":"","protected":false},"author":1,"featured_media":0,"parent":171,"menu_order":0,"comment_status":"open","ping_status":"open","template":"","meta":{"footnotes":""},"_links":{"self":[{"href":"https:\/\/www.lsvoitelu.fi\/web\/wp-json\/wp\/v2\/pages\/131"}],"collection":[{"href":"https:\/\/www.lsvoitelu.fi\/web\/wp-json\/wp\/v2\/pages"}],"about":[{"href":"https:\/\/www.lsvoitelu.fi\/web\/wp-json\/wp\/v2\/types\/page"}],"author":[{"embeddable":true,"href":"https:\/\/www.lsvoitelu.fi\/web\/wp-json\/wp\/v2\/users\/1"}],"replies":[{"embeddable":true,"href":"https:\/\/www.lsvoitelu.fi\/web\/wp-json\/wp\/v2\/comments?post=131"}],"version-history":[{"count":0,"href":"https:\/\/www.lsvoitelu.fi\/web\/wp-json\/wp\/v2\/pages\/131\/revisions"}],"up":[{"embeddable":true,"href":"https:\/\/www.lsvoitelu.fi\/web\/wp-json\/wp\/v2\/pages\/171"}],"wp:attachment":[{"href":"https:\/\/www.lsvoitelu.fi\/web\/wp-json\/wp\/v2\/media?parent=131"}],"curies":[{"name":"wp","href":"https:\/\/api.w.org\/{rel}","templated":true}]}}