{"id":273,"date":"2013-03-06T13:30:27","date_gmt":"2013-03-06T10:30:27","guid":{"rendered":"http:\/\/www.lsvoitelu.fi\/?page_id=273"},"modified":"2013-03-06T13:30:27","modified_gmt":"2013-03-06T10:30:27","slug":"neste-oil-henkilo-ja-pakettiautooljyt","status":"publish","type":"page","link":"https:\/\/www.lsvoitelu.fi\/web\/liikennevoiteluaineet\/moottorioljyt-henkilo-ja-pakettiautot\/neste-oil-henkilo-ja-pakettiautooljyt\/","title":{"rendered":"NESTE OIL henkil\u00f6- ja pakettiauto\u00f6ljyt"},"content":{"rendered":"<div class=\"su-spoiler su-spoiler-style-default su-spoiler-icon-plus su-spoiler-closed\" data-scroll-offset=\"0\" data-anchor-in-url=\"no\"><div class=\"su-spoiler-title\" tabindex=\"0\" role=\"button\"><span class=\"su-spoiler-icon\"><\/span>NESTE : : NESTE 1  5W50 - Lis\u00e4tiedot<\/div><div class=\"su-spoiler-content su-u-clearfix su-u-trim\">\n<p>Kuvaus<br \/>\nNeste 1\u00a0 5W-50 on synteettinen moottori\u00f6ljy, joka perustuu synteettiseen perusnesteeseen.<\/p>\n<p>API SJ\/CF<\/p>\n<p>Astiakoot: 200L, 20L, 4L (=4) ja 1L (=12)<\/p>\n<\/div><\/div>\n<div class=\"su-spoiler su-spoiler-style-default su-spoiler-icon-plus su-spoiler-closed\" data-scroll-offset=\"0\" data-anchor-in-url=\"no\"><div class=\"su-spoiler-title\" tabindex=\"0\" role=\"button\"><span class=\"su-spoiler-icon\"><\/span>NESTE : : CITY PRO 5W40 - Lis\u00e4tiedot<\/div><div class=\"su-spoiler-content su-u-clearfix su-u-trim\">\n<p>Kuvaus<br \/>\nT\u00e4yssynteettinen yleismoottori\u00f6ljy Neste City Pro 5W-40 -\u00f6ljyll\u00e4 on erinomaiset kylm\u00e4ominaisuudet ja kaikki aikaisemman sukupolven hyv\u00e4ksynn\u00e4t, joten se korvaa edelt\u00e4j\u00e4ns\u00e4.<\/p>\n<p>BMW Longlife 2004 -hyv\u00e4ksynt\u00e4<\/p>\n<p>Mercedes Benz 229.31 -hyv\u00e4ksynt\u00e4<\/p>\n<p>ACEA -luokka C3, A3\/B4<\/p>\n<p>Astiakoot: 200L, 20L, 4L (=4) ja 1L (=12)<\/p>\n<\/div><\/div>\n<div class=\"su-spoiler su-spoiler-style-default su-spoiler-icon-plus su-spoiler-closed\" data-scroll-offset=\"0\" data-anchor-in-url=\"no\"><div class=\"su-spoiler-title\" tabindex=\"0\" role=\"button\"><span class=\"su-spoiler-icon\"><\/span>NESTE : : CITY PRO 0W40 - Lis\u00e4tiedot<\/div><div class=\"su-spoiler-content su-u-clearfix su-u-trim\">\n<p>Kuvaus<br \/>\nNeste City Pro 0W-40 s\u00e4\u00e4st\u00e4\u00e4 moottoria ja polttoainetta, ja sopii kaikkiin nykyaikaisiin henkil\u00f6- ja pakettiautojen bensiini- ja dieselmoottoreihin.<\/p>\n<p>ACEA A3\/B4<br \/>\nAPI SJ\/CF<br \/>\nVW 502.00\/505.00<br \/>\nMB\u00a0 229.1<br \/>\nBMW LL-98<\/p>\n<p>Astiakoot: 4L (=4) ja 1L (=12)<\/p>\n<\/div><\/div>\n<div class=\"su-spoiler su-spoiler-style-default su-spoiler-icon-plus su-spoiler-closed\" data-scroll-offset=\"0\" data-anchor-in-url=\"no\"><div class=\"su-spoiler-title\" tabindex=\"0\" role=\"button\"><span class=\"su-spoiler-icon\"><\/span>NESTE : : CITY PRO A5\/B5 0w30 - Lis\u00e4tiedot<\/div><div class=\"su-spoiler-content su-u-clearfix su-u-trim\">\n<p>Kuvaus<\/p>\n<p>Neste City Pro A5\/B5 0W-30 on t\u00e4yssynteettinen polttoainetta s\u00e4\u00e4st\u00e4v\u00e4 pitk\u00e4n vaihtov\u00e4lin moottori\u00f6ljy. Se on kehitetty erityisesti uusiin vm. 2005 Volvo henkil\u00f6autojen 5-sylinterisiin bensiinimoottoreihin, joissa \u00f6ljyvaatimuksena on ACEA A5\/B5 luokitus.<\/p>\n<p>ACEA A5\/B5<br \/>\nAPI SL\/CF<\/p>\n<p>Astiakoot: 4L (=4) ja 1L (=12)<\/p>\n<\/div><\/div>\n<div class=\"su-spoiler su-spoiler-style-default su-spoiler-icon-plus su-spoiler-closed\" data-scroll-offset=\"0\" data-anchor-in-url=\"no\"><div class=\"su-spoiler-title\" tabindex=\"0\" role=\"button\"><span class=\"su-spoiler-icon\"><\/span>NESTE : : CITY PRO C2  5w30 - Lis\u00e4tiedot<\/div><div class=\"su-spoiler-content su-u-clearfix su-u-trim\">\n<p>Kuvaus<\/p>\n<p><big>NESTE CITY PRO C2 5W-30 <\/big><\/p>\n<p><big><\/big>T\u00e4yssynteettinen polttoainetta s\u00e4\u00e4st\u00e4v\u00e4 ACEA C2 -luokan moottori\u00f6ljy<\/p>\n<p>ACEA C2<br \/>\nAPI SN, SM\/CF<br \/>\nPSA B71 2290 suorituskykytaso<br \/>\nRenault RN0700<br \/>\nSuositellaan k\u00e4ytett\u00e4v\u00e4ksi kun vaatimuksena on Fiat 9.55535-S1<\/p>\n<p>Astiakoot: 200L, 4L (=4) ja 1L (=12)<\/p>\n<\/div><\/div>\n<div class=\"su-spoiler su-spoiler-style-default su-spoiler-icon-plus su-spoiler-closed\" data-scroll-offset=\"0\" data-anchor-in-url=\"no\"><div class=\"su-spoiler-title\" tabindex=\"0\" role=\"button\"><span class=\"su-spoiler-icon\"><\/span>NESTE : : CITY PRO C4  5w30 - Lis\u00e4tiedot<\/div><div class=\"su-spoiler-content su-u-clearfix su-u-trim\">\n<p>Kuvaus<\/p>\n<p><big>NESTE CITY PRO C4 5W-30 <\/big>T\u00e4yssynteettinen ACEA C4 -luokan moottori\u00f6ljy. Neste City Pro C4 5W-30 on kehitetty erityisesti Nissan (Euro 5) -p\u00e4\u00e4st\u00f6normin sek\u00e4 Renault ett\u00e4 Suzuki autoihin, joissa k\u00e4ytet\u00e4\u00e4n <span style=\"color: #008000;\">dieselpartikkelisuodattimia ja pakokaasujen j\u00e4lkik\u00e4sittelyj\u00e4rjestelm\u00e4 vaatii ACEA C4<\/span> -luokan \u00f6ljyn k\u00e4ytt\u00f6\u00e4.<\/p>\n<p>Astiakoot: 200L<\/p>\n<\/div><\/div>\n<div class=\"su-spoiler su-spoiler-style-default su-spoiler-icon-plus su-spoiler-closed\" data-scroll-offset=\"0\" data-anchor-in-url=\"no\"><div class=\"su-spoiler-title\" tabindex=\"0\" role=\"button\"><span class=\"su-spoiler-icon\"><\/span>NESTE : : CITY PRO LL 5w30 - Lis\u00e4tiedot<\/div><div class=\"su-spoiler-content su-u-clearfix su-u-trim\">\n<p>Kuvaus<\/p>\n<p><big>NESTE CITY PRO LL 5W-30<\/big> T\u00e4yssynteettinen GM-autojen: Opel ja Saab moottori\u00f6ljy.<\/p>\n<p>GM-LL-<span style=\"color: #008000;\">A<\/span>-025 (<span style=\"color: #008000;\">bensiini<\/span>moottorit)<br \/>\nGM-LL-<span style=\"color: #008000;\">B<\/span>-025 (<span style=\"color: #008000;\">diesel<\/span>moottorit)<br \/>\nACEA A3\/B3\/B4<br \/>\nAPI SL, SJ\/CF<br \/>\nVW 502.00\/505.00, MB 229.5, BMW Longlife-01<br \/>\nSuositellaan k\u00e4ytett\u00e4v\u00e4ksi kun vaatimuksena on Fiat 9.55535-G1<\/p>\n<p>Astiakoot: 200L, 4L (=4) ja 1L (=12)<\/p>\n<\/div><\/div>\n<div class=\"su-spoiler su-spoiler-style-default su-spoiler-icon-plus su-spoiler-closed\" data-scroll-offset=\"0\" data-anchor-in-url=\"no\"><div class=\"su-spoiler-title\" tabindex=\"0\" role=\"button\"><span class=\"su-spoiler-icon\"><\/span>NESTE : : CITY PRO W LongLife 3   5w30 - Lis\u00e4tiedot<\/div><div class=\"su-spoiler-content su-u-clearfix su-u-trim\">\n<p>Kuvaus<\/p>\n<p><big>NESTE CITY PRO W LONGLIFE III 5W-30,<\/big> Volkswagen 504.00\/507.00 moottori\u00f6ljy pidennetyille vaihtov\u00e4leille. Neste City Pro W LongLife III 5W-30 on suunniteltu erityisesti LongLife Service -j\u00e4rjestelm\u00e4n VW, Audi, Skoda ja Seat henkil\u00f6autojen diesel- ja bensiinimoottoreiden pitkille vaihtov\u00e4leille.<\/p>\n<p>Se soveltuu erityisesti autoihin joissa k\u00e4ytet\u00e4\u00e4n dieselpartikkelisuodattimia. Suodattimen toiminta vaatii ns. Low\/Mid SAPS \u00f6ljyn k\u00e4ytt\u00f6\u00e4 jossa on matala sulfaattituhka-, fosfori- ja rikkipitoisuus. Dieselmoottorin \u00f6ljyvaatimuksena on VW 507.00. Bensiinimoottoristen autojen \u00f6ljyvaatimus on VW 504.00.<\/p>\n<p>VW 504.00 ja 507.00<br \/>\nACEA C3<br \/>\nMB 229.51<br \/>\nBMW Longlife-04<\/p>\n<p>Astiakoot: 200L, 20L, 4L (=4) ja 1L (=12)<\/p>\n<\/div><\/div>\n<div class=\"su-spoiler su-spoiler-style-default su-spoiler-icon-plus su-spoiler-closed\" data-scroll-offset=\"0\" data-anchor-in-url=\"no\"><div class=\"su-spoiler-title\" tabindex=\"0\" role=\"button\"><span class=\"su-spoiler-icon\"><\/span>NESTE : : CITY STANDARD 10W40 - Lis\u00e4tiedot<\/div><div class=\"su-spoiler-content su-u-clearfix su-u-trim\">\n<p>Kuvaus<\/p>\n<p>Neste City Standard on synteettinen moottori\u00f6ljy, jossa on huomioitu nykyaikaisten pitk\u00e4lle kehittyneiden ja puhtaasti k\u00e4yvien henkil\u00f6autojen moottoreiden ja autojen valmistajien laatuvaatimukset. Sen ominaisuudet ovat erityisen sopivat katalysaattori-, turbo- ja moniventtiilimoottoreille.<\/p>\n<p>API SL, SJ\/CF<br \/>\nACEA A3\/B4<\/p>\n<p>Astiakoot: 200L, 20L, 4L (=4) ja 1L (=12)<\/p>\n<\/div><\/div>\n<div class=\"su-spoiler su-spoiler-style-default su-spoiler-icon-plus su-spoiler-closed\" data-scroll-offset=\"0\" data-anchor-in-url=\"no\"><div class=\"su-spoiler-title\" tabindex=\"0\" role=\"button\"><span class=\"su-spoiler-icon\"><\/span>NESTE : : CITY STANDARD 5W30 - Lis\u00e4tiedot<\/div><div class=\"su-spoiler-content su-u-clearfix su-u-trim\">\n<p>Kuvaus<\/p>\n<p>Synteettinen moottori\u00f6ljy erityisesti Ford-autoihin. Neste City Standard 5W-30 on ohut, ACEA A5\/B5 -luokituksen mukainen synteettinen moottori\u00f6ljy, jossa on huomioitu uusien v\u00e4h\u00e4kitkaisten ja puhtaastik\u00e4yvien bensiinimoottoreiden laatuvaatimukset.<\/p>\n<p>Ford WSS-M2C913-C<br \/>\nFord WSS-M2C913-B, M2C913-A tai M2C912-A1<br \/>\nAPI SL\/CF<br \/>\nACEA A5\/B5<br \/>\nRenault 0700<\/p>\n<p>Astiakoot: 200L, 4L (=4) ja 1L (=12)<\/p>\n<\/div><\/div>\n<div class=\"su-spoiler su-spoiler-style-default su-spoiler-icon-plus su-spoiler-closed\" data-scroll-offset=\"0\" data-anchor-in-url=\"no\"><div class=\"su-spoiler-title\" tabindex=\"0\" role=\"button\"><span class=\"su-spoiler-icon\"><\/span>NESTE : : CITY STANDARD 5W40 - Lis\u00e4tiedot<\/div><div class=\"su-spoiler-content su-u-clearfix su-u-trim\">\n<p>Kuvaus<\/p>\n<p>Synteettinen Neste City Standard 5W-40 t\u00e4ytt\u00e4\u00e4 ainoana Neste -\u00f6ljyn\u00e4 VW 505.01 vaatimuksen, jota tarvitaan vuoden 2000 ja uudempien mallien pumppusuuttimilla varustettuunTDI dieselmoottoriin (115 hp).<\/p>\n<p>API SM\/CF<br \/>\nACEA A3\/B4-04<br \/>\nVW 500.00\/505.00\/505.01 (suorituskykytaso)<br \/>\nMB 229.1<\/p>\n<p>Astiakoot: 200L, 20L, 4L (=4) ja 1L (=12)<\/p>\n<\/div><\/div>\n<div class=\"su-spoiler su-spoiler-style-default su-spoiler-icon-plus su-spoiler-closed\" data-scroll-offset=\"0\" data-anchor-in-url=\"no\"><div class=\"su-spoiler-title\" tabindex=\"0\" role=\"button\"><span class=\"su-spoiler-icon\"><\/span>NESTE : : PREMIUM 10W40 - Lis\u00e4tiedot<\/div><div class=\"su-spoiler-content su-u-clearfix su-u-trim\">\n<p>Kuvaus<\/p>\n<p>Neste Premium 10W-40 on semi-synteettinen moniasteinen moottori\u00f6ljy bensiini- ja dieselmoottoreihin ymp\u00e4rivuotiseen k\u00e4ytt\u00f6\u00f6n.<\/p>\n<p>API SJ\/CF<br \/>\nACEA A3\/B3<\/p>\n<p>Astiakoot: 200L, 20L, 4L (=4) ja 1L (=12)<\/p>\n<\/div><\/div>\n<div class=\"su-spoiler su-spoiler-style-default su-spoiler-icon-plus su-spoiler-closed\" data-scroll-offset=\"0\" data-anchor-in-url=\"no\"><div class=\"su-spoiler-title\" tabindex=\"0\" role=\"button\"><span class=\"su-spoiler-icon\"><\/span>NESTE : : SPECIAL - Lis\u00e4tiedot<\/div><div class=\"su-spoiler-content su-u-clearfix su-u-trim\">\n<p>Kuvaus<\/p>\n<p>Neste Special moottori\u00f6ljyt valmistetaan valikoiduista parafiiniperustaisista perus\u00f6ljyist\u00e4. Yksi- ja moniastemoottori\u00f6ljyt<\/p>\n<p>API SF\/CC\u00a0 \u00a0 SAE 10W-30\u00a0\u00a0 &#8211;\u00a0\u00a0 API SG\/CF-4\u00a0\u00a0 SAE 20W-50<br \/>\nAPI SF\/CF\/CF-2\u00a0\u00a0 SAE 30<\/p>\n<p>Astiakoot:\u00a0 4L (=4)<\/p>\n<\/div><\/div>\n<div class=\"su-spoiler su-spoiler-style-default su-spoiler-icon-plus su-spoiler-closed\" data-scroll-offset=\"0\" data-anchor-in-url=\"no\"><div class=\"su-spoiler-title\" tabindex=\"0\" role=\"button\"><span class=\"su-spoiler-icon\"><\/span>NESTE : : SUPER 10W40 - Lis\u00e4tiedot<\/div><div class=\"su-spoiler-content su-u-clearfix su-u-trim\">\n<p>Kuvaus<\/p>\n<p>Neste Super 10W-40 on superluokan moniaste\u00f6ljy bensiini- ja dieselmoottoreihin.<\/p>\n<p>API SJ\/CF<\/p>\n<p>CCMC G4<br \/>\nVW 501.00<\/p>\n<p>Astiakoot:\u00a0 200L, 4L (=4) ja 1l (=12)<\/p>\n<\/div><\/div>\n","protected":false},"excerpt":{"rendered":"","protected":false},"author":1,"featured_media":0,"parent":268,"menu_order":0,"comment_status":"open","ping_status":"open","template":"","meta":{"footnotes":""},"_links":{"self":[{"href":"https:\/\/www.lsvoitelu.fi\/web\/wp-json\/wp\/v2\/pages\/273"}],"collection":[{"href":"https:\/\/www.lsvoitelu.fi\/web\/wp-json\/wp\/v2\/pages"}],"about":[{"href":"https:\/\/www.lsvoitelu.fi\/web\/wp-json\/wp\/v2\/types\/page"}],"author":[{"embeddable":true,"href":"https:\/\/www.lsvoitelu.fi\/web\/wp-json\/wp\/v2\/users\/1"}],"replies":[{"embeddable":true,"href":"https:\/\/www.lsvoitelu.fi\/web\/wp-json\/wp\/v2\/comments?post=273"}],"version-history":[{"count":0,"href":"https:\/\/www.lsvoitelu.fi\/web\/wp-json\/wp\/v2\/pages\/273\/revisions"}],"up":[{"embeddable":true,"href":"https:\/\/www.lsvoitelu.fi\/web\/wp-json\/wp\/v2\/pages\/268"}],"wp:attachment":[{"href":"https:\/\/www.lsvoitelu.fi\/web\/wp-json\/wp\/v2\/media?parent=273"}],"curies":[{"name":"wp","href":"https:\/\/api.w.org\/{rel}","templated":true}]}}